{"id":1824,"date":"2024-01-13T19:25:43","date_gmt":"2024-01-13T19:25:43","guid":{"rendered":"https:\/\/oficinadoarclimatizacao.com\/?page_id=1824"},"modified":"2024-01-26T07:13:24","modified_gmt":"2024-01-26T07:13:24","slug":"manutencao","status":"publish","type":"page","link":"https:\/\/oficinadoarclimatizacao.com\/index.php\/manutencao\/","title":{"rendered":"Manuten\u00e7\u00e3o"},"content":{"rendered":"\t\t<div data-elementor-type=\"wp-page\" data-elementor-id=\"1824\" class=\"elementor elementor-1824\">\n\t\t\t\t<div class=\"elementor-element elementor-element-690bff02 e-flex e-con-boxed wpr-particle-no wpr-jarallax-no wpr-parallax-no wpr-sticky-section-no e-con e-parent\" data-id=\"690bff02\" data-element_type=\"container\">\n\t\t\t\t\t<div class=\"e-con-inner\">\n\t\t<div class=\"elementor-element elementor-element-26c4c267 e-con-full e-flex wpr-particle-no wpr-jarallax-no wpr-parallax-no wpr-sticky-section-no e-con e-child\" data-id=\"26c4c267\" data-element_type=\"container\">\n\t\t\t\t<div class=\"elementor-element elementor-element-2f05a52d elementor-widget elementor-widget-heading\" data-id=\"2f05a52d\" data-element_type=\"widget\" data-widget_type=\"heading.default\">\n\t\t\t\t<div class=\"elementor-widget-container\">\n\t\t\t\t\t<h1 class=\"elementor-heading-title elementor-size-default\">Manuten\u00e7\u00e3o<\/h1>\t\t\t\t<\/div>\n\t\t\t\t<\/div>\n\t\t\t\t<\/div>\n\t\t<div class=\"elementor-element elementor-element-32f8099f e-con-full e-flex wpr-particle-no wpr-jarallax-no wpr-parallax-no wpr-sticky-section-no e-con e-child\" data-id=\"32f8099f\" data-element_type=\"container\">\n\t\t\t\t<div class=\"elementor-element elementor-element-e887148 elementor-widget elementor-widget-text-editor\" data-id=\"e887148\" data-element_type=\"widget\" data-widget_type=\"text-editor.default\">\n\t\t\t\t<div class=\"elementor-widget-container\">\n\t\t\t\t\t\t\t\t\t<p>Os equipamentos, na maioria dos casos, funcionam diariamente, necessitando assim de cuidados para proteg\u00ea-los de futuros danos, bem como evitar que a sujeira, ac\u00famulo de bact\u00e9rias, fungos, \u00e1caros e at\u00e9 mesmo os s\u00f3lidos em aspers\u00e3o sejam redistribu\u00eddos e recirculados nos ambientes. Isso pode afetar diretamente as vias respirat\u00f3rias dos ocupantes desses recintos, trazendo p\u00e9ssima qualidade do ar, al\u00e9m de representar riscos \u00e0 sa\u00fade e seguran\u00e7a dessas pessoas.<\/p><p>Por se tratar de vidas \u00e9 de extrema import\u00e2ncia a realiza\u00e7\u00e3o de higieniza\u00e7\u00f5es peri\u00f3dicas, bem como outras atividades, com duas finalidades: melhorar a qualidade do ar interno e prolongar a vida \u00fatil dos equipamentos.<\/p><p>Atuamos tanto no \u00e2mbito residencial quanto comercial e industrial. Os clientes residenciais, devido \u00e0 menor frequ\u00eancia de interven\u00e7\u00f5es necess\u00e1rias, contrastam com as empresas e outras institui\u00e7\u00f5es n\u00e3o residenciais, que obrigatoriamente demandam interven\u00e7\u00f5es mensais.<\/p><p>Pensando nesses dois pontos, o Minist\u00e9rio da Sa\u00fade saiu \u00e0 frente e criou o <strong>PMOC<\/strong> (Plano de Manuten\u00e7\u00e3o, Opera\u00e7\u00e3o e Controle), um documento que lista atividades visando \u00e0 higieniza\u00e7\u00e3o e outras pr\u00e1ticas nos equipamentos, proporcionando conforto e seguran\u00e7a para a sa\u00fade dos ocupantes desses ambientes climatizados.<\/p><p>Atrav\u00e9s da <strong>Portaria n\u00b0 3.528<\/strong> de 28 de agosto de 1998, da Resolu\u00e7\u00e3o n\u00b0 09 de 16 de janeiro de 2003 da ANVISA, da Lei do PMOC 13.589\/2018, da NBR 16.401-3 e, por fim, da rec\u00e9m-chegada ABNT 17037 de 04 de abril de 2023, o governo atua com vigor para zelar pela sa\u00fade da popula\u00e7\u00e3o. Isso \u00e9 de extrema relev\u00e2ncia, considerando os mecanismos de prote\u00e7\u00e3o contra infec\u00e7\u00f5es, a prolifera\u00e7\u00e3o de v\u00edrus, doen\u00e7as respirat\u00f3rias e at\u00e9 mesmo o alto risco de cont\u00e1gio atrav\u00e9s do g\u00eanero Legionella. Este grupo de bact\u00e9rias age no sistema imunol\u00f3gico do indiv\u00edduo, podendo resultar em casos graves, como \u00e9 o caso da Legionella pneumophila.<\/p>\t\t\t\t\t\t\t\t<\/div>\n\t\t\t\t<\/div>\n\t\t\t\t<div class=\"elementor-element elementor-element-7826238 elementor-widget elementor-widget-text-editor\" data-id=\"7826238\" data-element_type=\"widget\" data-widget_type=\"text-editor.default\">\n\t\t\t\t<div class=\"elementor-widget-container\">\n\t\t\t\t\t\t\t\t\t<p>Redigido por Diego Silva<\/p>\t\t\t\t\t\t\t\t<\/div>\n\t\t\t\t<\/div>\n\t\t\t\t<\/div>\n\t\t\t\t\t<\/div>\n\t\t\t\t<\/div>\n\t\t<div class=\"elementor-element elementor-element-242d490e e-flex e-con-boxed wpr-particle-no wpr-jarallax-no wpr-parallax-no wpr-sticky-section-no e-con e-parent\" data-id=\"242d490e\" data-element_type=\"container\" data-settings=\"{&quot;background_background&quot;:&quot;classic&quot;}\">\n\t\t\t\t\t<div class=\"e-con-inner\">\n\t\t<div class=\"elementor-element elementor-element-29884a09 e-flex e-con-boxed wpr-particle-no wpr-jarallax-no wpr-parallax-no wpr-sticky-section-no e-con e-child\" data-id=\"29884a09\" data-element_type=\"container\">\n\t\t\t\t\t<div class=\"e-con-inner\">\n\t\t\t\t<div class=\"elementor-element elementor-element-1baaafef elementor-widget elementor-widget-text-editor\" data-id=\"1baaafef\" data-element_type=\"widget\" data-widget_type=\"text-editor.default\">\n\t\t\t\t<div class=\"elementor-widget-container\">\n\t\t\t\t\t\t\t\t\t<p>Confira algumas manuten\u00e7\u00f5es que fizemos<\/p>\t\t\t\t\t\t\t\t<\/div>\n\t\t\t\t<\/div>\n\t\t\t\t\t<\/div>\n\t\t\t\t<\/div>\n\t\t<div class=\"elementor-element elementor-element-4abcccd e-con-full e-flex wpr-particle-no wpr-jarallax-no wpr-parallax-no wpr-sticky-section-no e-con e-child\" data-id=\"4abcccd\" data-element_type=\"container\">\n\t\t\t\t<div class=\"elementor-element elementor-element-082aa47 elementor-widget elementor-widget-image\" data-id=\"082aa47\" data-element_type=\"widget\" data-widget_type=\"image.default\">\n\t\t\t\t<div class=\"elementor-widget-container\">\n\t\t\t\t\t\t\t\t\t\t\t\t\t\t\t<img fetchpriority=\"high\" decoding=\"async\" width=\"769\" height=\"1024\" src=\"https:\/\/oficinadoarclimatizacao.com\/wp-content\/uploads\/2024\/01\/WhatsApp-Image-2024-01-20-at-20.38.42-2-e1705969247782-769x1024.jpeg\" class=\"attachment-large size-large wp-image-2508\" alt=\"Imagem de uma manuten\u00e7\u00e3o feita\" srcset=\"https:\/\/oficinadoarclimatizacao.com\/wp-content\/uploads\/2024\/01\/WhatsApp-Image-2024-01-20-at-20.38.42-2-e1705969247782-769x1024.jpeg 769w, https:\/\/oficinadoarclimatizacao.com\/wp-content\/uploads\/2024\/01\/WhatsApp-Image-2024-01-20-at-20.38.42-2-e1705969247782-225x300.jpeg 225w, https:\/\/oficinadoarclimatizacao.com\/wp-content\/uploads\/2024\/01\/WhatsApp-Image-2024-01-20-at-20.38.42-2-e1705969247782-768x1023.jpeg 768w, https:\/\/oficinadoarclimatizacao.com\/wp-content\/uploads\/2024\/01\/WhatsApp-Image-2024-01-20-at-20.38.42-2-e1705969247782.jpeg 961w\" sizes=\"(max-width: 769px) 100vw, 769px\" \/>\t\t\t\t\t\t\t\t\t\t\t\t\t\t\t<\/div>\n\t\t\t\t<\/div>\n\t\t\t\t<div class=\"elementor-element elementor-element-16cf9a0 elementor-widget elementor-widget-image\" data-id=\"16cf9a0\" data-element_type=\"widget\" data-widget_type=\"image.default\">\n\t\t\t\t<div class=\"elementor-widget-container\">\n\t\t\t\t\t\t\t\t\t\t\t\t\t\t\t<img decoding=\"async\" width=\"769\" height=\"1024\" src=\"https:\/\/oficinadoarclimatizacao.com\/wp-content\/uploads\/2024\/01\/WhatsApp-Image-2024-01-20-at-20.38.42-1-769x1024.jpeg\" class=\"attachment-large size-large wp-image-2509\" alt=\"Imagem de uma manuten\u00e7\u00e3o feita\" srcset=\"https:\/\/oficinadoarclimatizacao.com\/wp-content\/uploads\/2024\/01\/WhatsApp-Image-2024-01-20-at-20.38.42-1-769x1024.jpeg 769w, https:\/\/oficinadoarclimatizacao.com\/wp-content\/uploads\/2024\/01\/WhatsApp-Image-2024-01-20-at-20.38.42-1-225x300.jpeg 225w, https:\/\/oficinadoarclimatizacao.com\/wp-content\/uploads\/2024\/01\/WhatsApp-Image-2024-01-20-at-20.38.42-1-768x1023.jpeg 768w, https:\/\/oficinadoarclimatizacao.com\/wp-content\/uploads\/2024\/01\/WhatsApp-Image-2024-01-20-at-20.38.42-1.jpeg 961w\" sizes=\"(max-width: 769px) 100vw, 769px\" \/>\t\t\t\t\t\t\t\t\t\t\t\t\t\t\t<\/div>\n\t\t\t\t<\/div>\n\t\t\t\t<div class=\"elementor-element elementor-element-c2132af elementor-widget elementor-widget-image\" data-id=\"c2132af\" data-element_type=\"widget\" data-widget_type=\"image.default\">\n\t\t\t\t<div class=\"elementor-widget-container\">\n\t\t\t\t\t\t\t\t\t\t\t\t\t\t\t<img decoding=\"async\" width=\"865\" height=\"1024\" src=\"https:\/\/oficinadoarclimatizacao.com\/wp-content\/uploads\/2024\/01\/WhatsApp-Image-2024-01-20-at-20.37.16-1-e1705969662805-865x1024.jpeg\" class=\"attachment-large size-large wp-image-2511\" alt=\"Imagem de uma manuten\u00e7\u00e3o feita\" srcset=\"https:\/\/oficinadoarclimatizacao.com\/wp-content\/uploads\/2024\/01\/WhatsApp-Image-2024-01-20-at-20.37.16-1-e1705969662805-865x1024.jpeg 865w, https:\/\/oficinadoarclimatizacao.com\/wp-content\/uploads\/2024\/01\/WhatsApp-Image-2024-01-20-at-20.37.16-1-e1705969662805-253x300.jpeg 253w, https:\/\/oficinadoarclimatizacao.com\/wp-content\/uploads\/2024\/01\/WhatsApp-Image-2024-01-20-at-20.37.16-1-e1705969662805-768x909.jpeg 768w, https:\/\/oficinadoarclimatizacao.com\/wp-content\/uploads\/2024\/01\/WhatsApp-Image-2024-01-20-at-20.37.16-1-e1705969662805.jpeg 896w\" sizes=\"(max-width: 865px) 100vw, 865px\" \/>\t\t\t\t\t\t\t\t\t\t\t\t\t\t\t<\/div>\n\t\t\t\t<\/div>\n\t\t\t\t<\/div>\n\t\t\t\t\t<\/div>\n\t\t\t\t<\/div>\n\t\t\t\t<\/div>\n\t\t","protected":false},"excerpt":{"rendered":"<p>Manuten\u00e7\u00e3o Os equipamentos, na maioria dos casos, funcionam diariamente, necessitando assim de cuidados para proteg\u00ea-los de futuros danos, bem como evitar que a sujeira, ac\u00famulo de bact\u00e9rias, fungos, \u00e1caros e at\u00e9 mesmo os s\u00f3lidos em aspers\u00e3o sejam redistribu\u00eddos e recirculados nos ambientes. Isso pode afetar diretamente as vias respirat\u00f3rias dos ocupantes desses recintos, trazendo p\u00e9ssima qualidade do ar, al\u00e9m de representar riscos \u00e0 sa\u00fade e seguran\u00e7a dessas pessoas. Por se tratar de vidas \u00e9 de extrema import\u00e2ncia a realiza\u00e7\u00e3o de higieniza\u00e7\u00f5es peri\u00f3dicas, bem como outras atividades, com duas finalidades: melhorar a qualidade do ar interno e prolongar a vida \u00fatil dos equipamentos. Atuamos tanto no \u00e2mbito residencial quanto comercial e industrial. Os clientes residenciais, devido \u00e0 menor frequ\u00eancia de interven\u00e7\u00f5es necess\u00e1rias, contrastam com as empresas e outras institui\u00e7\u00f5es n\u00e3o residenciais, que obrigatoriamente demandam interven\u00e7\u00f5es mensais. Pensando nesses dois pontos, o Minist\u00e9rio da Sa\u00fade saiu \u00e0 frente e criou o PMOC (Plano de Manuten\u00e7\u00e3o, Opera\u00e7\u00e3o e Controle), um documento que lista atividades visando \u00e0 higieniza\u00e7\u00e3o e outras pr\u00e1ticas nos equipamentos, proporcionando conforto e seguran\u00e7a para a sa\u00fade dos ocupantes desses ambientes climatizados. Atrav\u00e9s da Portaria n\u00b0 3.528 de 28 de agosto de 1998, da Resolu\u00e7\u00e3o n\u00b0 09 de 16 de janeiro de 2003 da ANVISA, da Lei do PMOC 13.589\/2018, da NBR 16.401-3 e, por fim, da rec\u00e9m-chegada ABNT 17037 de 04 de abril de 2023, o governo atua com vigor para zelar pela sa\u00fade da popula\u00e7\u00e3o. Isso \u00e9 de extrema relev\u00e2ncia, considerando os mecanismos de prote\u00e7\u00e3o contra infec\u00e7\u00f5es, a prolifera\u00e7\u00e3o de v\u00edrus, doen\u00e7as respirat\u00f3rias e at\u00e9 mesmo o alto risco de cont\u00e1gio atrav\u00e9s do g\u00eanero Legionella. Este grupo de bact\u00e9rias age no sistema imunol\u00f3gico do indiv\u00edduo, podendo resultar em casos graves, como \u00e9 o caso da Legionella pneumophila. Redigido por Diego Silva Confira algumas manuten\u00e7\u00f5es que fizemos<\/p>\n","protected":false},"author":3,"featured_media":0,"parent":0,"menu_order":0,"comment_status":"closed","ping_status":"closed","template":"elementor_canvas","meta":{"footnotes":""},"class_list":["post-1824","page","type-page","status-publish","hentry"],"yoast_head":"<!-- This site is optimized with the Yoast SEO plugin v24.6 - https:\/\/yoast.com\/wordpress\/plugins\/seo\/ -->\n<title>Manuten\u00e7\u00e3o - Oficina do Ar<\/title>\n<meta name=\"robots\" content=\"index, follow, max-snippet:-1, max-image-preview:large, max-video-preview:-1\" \/>\n<link rel=\"canonical\" href=\"https:\/\/oficinadoarclimatizacao.com\/index.php\/manutencao\/\" \/>\n<meta property=\"og:locale\" content=\"pt_BR\" \/>\n<meta property=\"og:type\" content=\"article\" \/>\n<meta property=\"og:title\" content=\"Manuten\u00e7\u00e3o - Oficina do Ar\" \/>\n<meta property=\"og:description\" content=\"Manuten\u00e7\u00e3o Os equipamentos, na maioria dos casos, funcionam diariamente, necessitando assim de cuidados para proteg\u00ea-los de futuros danos, bem como evitar que a sujeira, ac\u00famulo de bact\u00e9rias, fungos, \u00e1caros e at\u00e9 mesmo os s\u00f3lidos em aspers\u00e3o sejam redistribu\u00eddos e recirculados nos ambientes. Isso pode afetar diretamente as vias respirat\u00f3rias dos ocupantes desses recintos, trazendo p\u00e9ssima qualidade do ar, al\u00e9m de representar riscos \u00e0 sa\u00fade e seguran\u00e7a dessas pessoas. Por se tratar de vidas \u00e9 de extrema import\u00e2ncia a realiza\u00e7\u00e3o de higieniza\u00e7\u00f5es peri\u00f3dicas, bem como outras atividades, com duas finalidades: melhorar a qualidade do ar interno e prolongar a vida \u00fatil dos equipamentos. Atuamos tanto no \u00e2mbito residencial quanto comercial e industrial. Os clientes residenciais, devido \u00e0 menor frequ\u00eancia de interven\u00e7\u00f5es necess\u00e1rias, contrastam com as empresas e outras institui\u00e7\u00f5es n\u00e3o residenciais, que obrigatoriamente demandam interven\u00e7\u00f5es mensais. Pensando nesses dois pontos, o Minist\u00e9rio da Sa\u00fade saiu \u00e0 frente e criou o PMOC (Plano de Manuten\u00e7\u00e3o, Opera\u00e7\u00e3o e Controle), um documento que lista atividades visando \u00e0 higieniza\u00e7\u00e3o e outras pr\u00e1ticas nos equipamentos, proporcionando conforto e seguran\u00e7a para a sa\u00fade dos ocupantes desses ambientes climatizados. Atrav\u00e9s da Portaria n\u00b0 3.528 de 28 de agosto de 1998, da Resolu\u00e7\u00e3o n\u00b0 09 de 16 de janeiro de 2003 da ANVISA, da Lei do PMOC 13.589\/2018, da NBR 16.401-3 e, por fim, da rec\u00e9m-chegada ABNT 17037 de 04 de abril de 2023, o governo atua com vigor para zelar pela sa\u00fade da popula\u00e7\u00e3o. Isso \u00e9 de extrema relev\u00e2ncia, considerando os mecanismos de prote\u00e7\u00e3o contra infec\u00e7\u00f5es, a prolifera\u00e7\u00e3o de v\u00edrus, doen\u00e7as respirat\u00f3rias e at\u00e9 mesmo o alto risco de cont\u00e1gio atrav\u00e9s do g\u00eanero Legionella. Este grupo de bact\u00e9rias age no sistema imunol\u00f3gico do indiv\u00edduo, podendo resultar em casos graves, como \u00e9 o caso da Legionella pneumophila. Redigido por Diego Silva Confira algumas manuten\u00e7\u00f5es que fizemos\" \/>\n<meta property=\"og:url\" content=\"https:\/\/oficinadoarclimatizacao.com\/index.php\/manutencao\/\" \/>\n<meta property=\"og:site_name\" content=\"Oficina do Ar\" \/>\n<meta property=\"article:modified_time\" content=\"2024-01-26T07:13:24+00:00\" \/>\n<meta property=\"og:image\" content=\"https:\/\/oficinadoarclimatizacao.com\/wp-content\/uploads\/2024\/01\/WhatsApp-Image-2024-01-20-at-20.38.42-2-e1705969247782-769x1024.jpeg\" \/>\n<meta name=\"twitter:card\" content=\"summary_large_image\" \/>\n<meta name=\"twitter:label1\" content=\"Est. tempo de leitura\" \/>\n\t<meta name=\"twitter:data1\" content=\"2 minutos\" \/>\n<script type=\"application\/ld+json\" class=\"yoast-schema-graph\">{\"@context\":\"https:\/\/schema.org\",\"@graph\":[{\"@type\":\"WebPage\",\"@id\":\"https:\/\/oficinadoarclimatizacao.com\/index.php\/manutencao\/\",\"url\":\"https:\/\/oficinadoarclimatizacao.com\/index.php\/manutencao\/\",\"name\":\"Manuten\u00e7\u00e3o - Oficina do Ar\",\"isPartOf\":{\"@id\":\"https:\/\/oficinadoarclimatizacao.com\/#website\"},\"primaryImageOfPage\":{\"@id\":\"https:\/\/oficinadoarclimatizacao.com\/index.php\/manutencao\/#primaryimage\"},\"image\":{\"@id\":\"https:\/\/oficinadoarclimatizacao.com\/index.php\/manutencao\/#primaryimage\"},\"thumbnailUrl\":\"https:\/\/oficinadoarclimatizacao.com\/wp-content\/uploads\/2024\/01\/WhatsApp-Image-2024-01-20-at-20.38.42-2-e1705969247782-769x1024.jpeg\",\"datePublished\":\"2024-01-13T19:25:43+00:00\",\"dateModified\":\"2024-01-26T07:13:24+00:00\",\"breadcrumb\":{\"@id\":\"https:\/\/oficinadoarclimatizacao.com\/index.php\/manutencao\/#breadcrumb\"},\"inLanguage\":\"pt-BR\",\"potentialAction\":[{\"@type\":\"ReadAction\",\"target\":[\"https:\/\/oficinadoarclimatizacao.com\/index.php\/manutencao\/\"]}]},{\"@type\":\"ImageObject\",\"inLanguage\":\"pt-BR\",\"@id\":\"https:\/\/oficinadoarclimatizacao.com\/index.php\/manutencao\/#primaryimage\",\"url\":\"https:\/\/oficinadoarclimatizacao.com\/wp-content\/uploads\/2024\/01\/WhatsApp-Image-2024-01-20-at-20.38.42-2-e1705969247782.jpeg\",\"contentUrl\":\"https:\/\/oficinadoarclimatizacao.com\/wp-content\/uploads\/2024\/01\/WhatsApp-Image-2024-01-20-at-20.38.42-2-e1705969247782.jpeg\",\"width\":961,\"height\":1280,\"caption\":\"Imagem de uma manuten\u00e7\u00e3o feita\"},{\"@type\":\"BreadcrumbList\",\"@id\":\"https:\/\/oficinadoarclimatizacao.com\/index.php\/manutencao\/#breadcrumb\",\"itemListElement\":[{\"@type\":\"ListItem\",\"position\":1,\"name\":\"In\u00edcio\",\"item\":\"https:\/\/oficinadoarclimatizacao.com\/\"},{\"@type\":\"ListItem\",\"position\":2,\"name\":\"Manuten\u00e7\u00e3o\"}]},{\"@type\":\"WebSite\",\"@id\":\"https:\/\/oficinadoarclimatizacao.com\/#website\",\"url\":\"https:\/\/oficinadoarclimatizacao.com\/\",\"name\":\"Oficina do Ar\",\"description\":\"Criamos solu\u00e7\u00f5es em climatiza\u00e7\u00e3o transformando seus ambientes com inova\u00e7\u00e3o, conforto, qualidade e seguran\u00e7a\",\"publisher\":{\"@id\":\"https:\/\/oficinadoarclimatizacao.com\/#organization\"},\"potentialAction\":[{\"@type\":\"SearchAction\",\"target\":{\"@type\":\"EntryPoint\",\"urlTemplate\":\"https:\/\/oficinadoarclimatizacao.com\/?s={search_term_string}\"},\"query-input\":{\"@type\":\"PropertyValueSpecification\",\"valueRequired\":true,\"valueName\":\"search_term_string\"}}],\"inLanguage\":\"pt-BR\"},{\"@type\":\"Organization\",\"@id\":\"https:\/\/oficinadoarclimatizacao.com\/#organization\",\"name\":\"Oficina do Ar\",\"url\":\"https:\/\/oficinadoarclimatizacao.com\/\",\"logo\":{\"@type\":\"ImageObject\",\"inLanguage\":\"pt-BR\",\"@id\":\"https:\/\/oficinadoarclimatizacao.com\/#\/schema\/logo\/image\/\",\"url\":\"https:\/\/oficinadoarclimatizacao.com\/wp-content\/uploads\/2023\/06\/logo.png\",\"contentUrl\":\"https:\/\/oficinadoarclimatizacao.com\/wp-content\/uploads\/2023\/06\/logo.png\",\"width\":405,\"height\":119,\"caption\":\"Oficina do Ar\"},\"image\":{\"@id\":\"https:\/\/oficinadoarclimatizacao.com\/#\/schema\/logo\/image\/\"},\"sameAs\":[\"https:\/\/www.instagram.com\/oficinadoarclimatizacao\/\"]}]}<\/script>\n<!-- \/ Yoast SEO plugin. -->","yoast_head_json":{"title":"Manuten\u00e7\u00e3o - Oficina do Ar","robots":{"index":"index","follow":"follow","max-snippet":"max-snippet:-1","max-image-preview":"max-image-preview:large","max-video-preview":"max-video-preview:-1"},"canonical":"https:\/\/oficinadoarclimatizacao.com\/index.php\/manutencao\/","og_locale":"pt_BR","og_type":"article","og_title":"Manuten\u00e7\u00e3o - Oficina do Ar","og_description":"Manuten\u00e7\u00e3o Os equipamentos, na maioria dos casos, funcionam diariamente, necessitando assim de cuidados para proteg\u00ea-los de futuros danos, bem como evitar que a sujeira, ac\u00famulo de bact\u00e9rias, fungos, \u00e1caros e at\u00e9 mesmo os s\u00f3lidos em aspers\u00e3o sejam redistribu\u00eddos e recirculados nos ambientes. Isso pode afetar diretamente as vias respirat\u00f3rias dos ocupantes desses recintos, trazendo p\u00e9ssima qualidade do ar, al\u00e9m de representar riscos \u00e0 sa\u00fade e seguran\u00e7a dessas pessoas. Por se tratar de vidas \u00e9 de extrema import\u00e2ncia a realiza\u00e7\u00e3o de higieniza\u00e7\u00f5es peri\u00f3dicas, bem como outras atividades, com duas finalidades: melhorar a qualidade do ar interno e prolongar a vida \u00fatil dos equipamentos. Atuamos tanto no \u00e2mbito residencial quanto comercial e industrial. Os clientes residenciais, devido \u00e0 menor frequ\u00eancia de interven\u00e7\u00f5es necess\u00e1rias, contrastam com as empresas e outras institui\u00e7\u00f5es n\u00e3o residenciais, que obrigatoriamente demandam interven\u00e7\u00f5es mensais. Pensando nesses dois pontos, o Minist\u00e9rio da Sa\u00fade saiu \u00e0 frente e criou o PMOC (Plano de Manuten\u00e7\u00e3o, Opera\u00e7\u00e3o e Controle), um documento que lista atividades visando \u00e0 higieniza\u00e7\u00e3o e outras pr\u00e1ticas nos equipamentos, proporcionando conforto e seguran\u00e7a para a sa\u00fade dos ocupantes desses ambientes climatizados. Atrav\u00e9s da Portaria n\u00b0 3.528 de 28 de agosto de 1998, da Resolu\u00e7\u00e3o n\u00b0 09 de 16 de janeiro de 2003 da ANVISA, da Lei do PMOC 13.589\/2018, da NBR 16.401-3 e, por fim, da rec\u00e9m-chegada ABNT 17037 de 04 de abril de 2023, o governo atua com vigor para zelar pela sa\u00fade da popula\u00e7\u00e3o. Isso \u00e9 de extrema relev\u00e2ncia, considerando os mecanismos de prote\u00e7\u00e3o contra infec\u00e7\u00f5es, a prolifera\u00e7\u00e3o de v\u00edrus, doen\u00e7as respirat\u00f3rias e at\u00e9 mesmo o alto risco de cont\u00e1gio atrav\u00e9s do g\u00eanero Legionella. Este grupo de bact\u00e9rias age no sistema imunol\u00f3gico do indiv\u00edduo, podendo resultar em casos graves, como \u00e9 o caso da Legionella pneumophila. Redigido por Diego Silva Confira algumas manuten\u00e7\u00f5es que fizemos","og_url":"https:\/\/oficinadoarclimatizacao.com\/index.php\/manutencao\/","og_site_name":"Oficina do Ar","article_modified_time":"2024-01-26T07:13:24+00:00","og_image":[{"url":"https:\/\/oficinadoarclimatizacao.com\/wp-content\/uploads\/2024\/01\/WhatsApp-Image-2024-01-20-at-20.38.42-2-e1705969247782-769x1024.jpeg","type":"","width":"","height":""}],"twitter_card":"summary_large_image","twitter_misc":{"Est. tempo de leitura":"2 minutos"},"schema":{"@context":"https:\/\/schema.org","@graph":[{"@type":"WebPage","@id":"https:\/\/oficinadoarclimatizacao.com\/index.php\/manutencao\/","url":"https:\/\/oficinadoarclimatizacao.com\/index.php\/manutencao\/","name":"Manuten\u00e7\u00e3o - Oficina do Ar","isPartOf":{"@id":"https:\/\/oficinadoarclimatizacao.com\/#website"},"primaryImageOfPage":{"@id":"https:\/\/oficinadoarclimatizacao.com\/index.php\/manutencao\/#primaryimage"},"image":{"@id":"https:\/\/oficinadoarclimatizacao.com\/index.php\/manutencao\/#primaryimage"},"thumbnailUrl":"https:\/\/oficinadoarclimatizacao.com\/wp-content\/uploads\/2024\/01\/WhatsApp-Image-2024-01-20-at-20.38.42-2-e1705969247782-769x1024.jpeg","datePublished":"2024-01-13T19:25:43+00:00","dateModified":"2024-01-26T07:13:24+00:00","breadcrumb":{"@id":"https:\/\/oficinadoarclimatizacao.com\/index.php\/manutencao\/#breadcrumb"},"inLanguage":"pt-BR","potentialAction":[{"@type":"ReadAction","target":["https:\/\/oficinadoarclimatizacao.com\/index.php\/manutencao\/"]}]},{"@type":"ImageObject","inLanguage":"pt-BR","@id":"https:\/\/oficinadoarclimatizacao.com\/index.php\/manutencao\/#primaryimage","url":"https:\/\/oficinadoarclimatizacao.com\/wp-content\/uploads\/2024\/01\/WhatsApp-Image-2024-01-20-at-20.38.42-2-e1705969247782.jpeg","contentUrl":"https:\/\/oficinadoarclimatizacao.com\/wp-content\/uploads\/2024\/01\/WhatsApp-Image-2024-01-20-at-20.38.42-2-e1705969247782.jpeg","width":961,"height":1280,"caption":"Imagem de uma manuten\u00e7\u00e3o feita"},{"@type":"BreadcrumbList","@id":"https:\/\/oficinadoarclimatizacao.com\/index.php\/manutencao\/#breadcrumb","itemListElement":[{"@type":"ListItem","position":1,"name":"In\u00edcio","item":"https:\/\/oficinadoarclimatizacao.com\/"},{"@type":"ListItem","position":2,"name":"Manuten\u00e7\u00e3o"}]},{"@type":"WebSite","@id":"https:\/\/oficinadoarclimatizacao.com\/#website","url":"https:\/\/oficinadoarclimatizacao.com\/","name":"Oficina do Ar","description":"Criamos solu\u00e7\u00f5es em climatiza\u00e7\u00e3o transformando seus ambientes com inova\u00e7\u00e3o, conforto, qualidade e seguran\u00e7a","publisher":{"@id":"https:\/\/oficinadoarclimatizacao.com\/#organization"},"potentialAction":[{"@type":"SearchAction","target":{"@type":"EntryPoint","urlTemplate":"https:\/\/oficinadoarclimatizacao.com\/?s={search_term_string}"},"query-input":{"@type":"PropertyValueSpecification","valueRequired":true,"valueName":"search_term_string"}}],"inLanguage":"pt-BR"},{"@type":"Organization","@id":"https:\/\/oficinadoarclimatizacao.com\/#organization","name":"Oficina do Ar","url":"https:\/\/oficinadoarclimatizacao.com\/","logo":{"@type":"ImageObject","inLanguage":"pt-BR","@id":"https:\/\/oficinadoarclimatizacao.com\/#\/schema\/logo\/image\/","url":"https:\/\/oficinadoarclimatizacao.com\/wp-content\/uploads\/2023\/06\/logo.png","contentUrl":"https:\/\/oficinadoarclimatizacao.com\/wp-content\/uploads\/2023\/06\/logo.png","width":405,"height":119,"caption":"Oficina do Ar"},"image":{"@id":"https:\/\/oficinadoarclimatizacao.com\/#\/schema\/logo\/image\/"},"sameAs":["https:\/\/www.instagram.com\/oficinadoarclimatizacao\/"]}]}},"_links":{"self":[{"href":"https:\/\/oficinadoarclimatizacao.com\/index.php\/wp-json\/wp\/v2\/pages\/1824","targetHints":{"allow":["GET"]}}],"collection":[{"href":"https:\/\/oficinadoarclimatizacao.com\/index.php\/wp-json\/wp\/v2\/pages"}],"about":[{"href":"https:\/\/oficinadoarclimatizacao.com\/index.php\/wp-json\/wp\/v2\/types\/page"}],"author":[{"embeddable":true,"href":"https:\/\/oficinadoarclimatizacao.com\/index.php\/wp-json\/wp\/v2\/users\/3"}],"replies":[{"embeddable":true,"href":"https:\/\/oficinadoarclimatizacao.com\/index.php\/wp-json\/wp\/v2\/comments?post=1824"}],"version-history":[{"count":0,"href":"https:\/\/oficinadoarclimatizacao.com\/index.php\/wp-json\/wp\/v2\/pages\/1824\/revisions"}],"wp:attachment":[{"href":"https:\/\/oficinadoarclimatizacao.com\/index.php\/wp-json\/wp\/v2\/media?parent=1824"}],"curies":[{"name":"wp","href":"https:\/\/api.w.org\/{rel}","templated":true}]}}